{"id":912,"date":"2024-04-16T11:15:40","date_gmt":"2024-04-16T11:15:40","guid":{"rendered":"https:\/\/mathsjbrel.fr\/?page_id=912"},"modified":"2024-08-28T11:41:49","modified_gmt":"2024-08-28T11:41:49","slug":"culture-mathematique","status":"publish","type":"page","link":"https:\/\/mathsjbrel.fr\/?page_id=912","title":{"rendered":"Culture math\u00e9matique"},"content":{"rendered":"\n<p>\u2190 <a href=\"https:\/\/mathsjbrel.fr\/\" title=\"Accueil\">Accueil<\/a><\/p>\n\n\n\n<p>Cette page liste quelques r\u00e9f\u00e9rences plus ou moins grand public autour des maths pour vous aider dans la pr\u00e9paration de votre Grand Oral ou bien simplement pour \u00e9toffer votre culture g\u00e9n\u00e9rale.<\/p>\n\n\n\n<p class=\"has-text-align-left\"><strong>Sites Web :<\/strong><\/p>\n\n\n\n<ul class=\"wp-block-list\">\n<li><strong><a href=\"https:\/\/images.math.cnrs.fr\/\" target=\"_blank\" rel=\"noopener\" title=\"Images des Maths\">Images des Maths<\/a><\/strong> &#8211; Site \u00e9dit\u00e9 par le CNRS consacr\u00e9 \u00e0 la vulgarisation. Tous les articles sont \u00e9crits par des math\u00e9maticiens et aucun article n\u2019est \u00e9crit pour les math\u00e9maticiens.<\/li>\n\n\n\n<li><strong><a href=\"https:\/\/culturemath.ens.fr\/\" target=\"_blank\" rel=\"noopener\" title=\"CultureMath\">CultureMath<\/a> <\/strong>&#8211; Site &#8220;expert&#8221; de l&#8217;\u00c9ducation Nationale qui a vocation \u00e0 pr\u00e9senter des sujets issus de la recherche, des id\u00e9es importantes qui sont au c\u0153ur des math\u00e9matiques, leur histoire, sous une forme \u00e0 la fois rigoureuse, accessible et plaisante \u00e0 lire.<\/li>\n\n\n\n<li><strong><a href=\"https:\/\/interstices.info\/\" target=\"_blank\" rel=\"noopener\" title=\"Interstices\">Interstices<\/a> <\/strong>&#8211; Interstices est une revue de culture scientifique en ligne, publi\u00e9e par l&#8217;INRIA, cr\u00e9\u00e9e par des scientifiques pour vous inviter \u00e0 explorer les sciences du num\u00e9rique.<\/li>\n<\/ul>\n\n\n\n<p><strong>En vid\u00e9o :<\/strong><\/p>\n\n\n\n<ul class=\"wp-block-list\">\n<li><strong><a href=\"https:\/\/www.arte.tv\/fr\/videos\/RC-021426\/voyages-au-pays-des-maths\/\" target=\"_blank\" rel=\"noopener\" title=\"Voyages au pays des maths\">Voyages au pays des maths<\/a> <\/strong>&#8211; Courts m\u00e9trages documentaires d&#8217;animation produits par Arte. Chaque \u00e9pisode vulgarise une id\u00e9e math\u00e9matique.<\/li>\n\n\n\n<li><strong><a href=\"https:\/\/www.youtube.com\/@numberphile\" target=\"_blank\" rel=\"noopener\" title=\"Numberphile\">Numberphile<\/a> <\/strong>&#8211; Excellentes vid\u00e9os anglophones par le cin\u00e9aste Brady Haran.<\/li>\n\n\n\n<li><strong><a href=\"https:\/\/www.youtube.com\/c\/3blue1brown\" target=\"_blank\" rel=\"noopener\" title=\"3Blue1Brown\">3Blue1Brown<\/a><\/strong> &#8211; Vulgarisation anim\u00e9e anglophone traitant de maths et de domaines connexes par Grant Sanderson.<\/li>\n\n\n\n<li><strong><a href=\"https:\/\/www.youtube.com\/@Micmaths\/featured\" target=\"_blank\" rel=\"noopener\" title=\"Micmaths\">Micmaths<\/a><\/strong> &#8211; Cha\u00eene Youtube du math\u00e9maticien Micka\u00ebl Launay proposant diverses vid\u00e9os autour des math\u00e9matiques.<\/li>\n\n\n\n<li><strong><a href=\"https:\/\/www.youtube.com\/@ScienceEtonnante\/featured\" target=\"_blank\" rel=\"noopener\" title=\"Science\u00c9tonnante\">Science\u00c9tonnante<\/a><\/strong> &#8211; Cha\u00eene Youtube du physicien David Louapre proposant des vid\u00e9os tr\u00e8s claires traitant de sujets vari\u00e9s li\u00e9s aux sciences.<\/li>\n<\/ul>\n\n\n\n<p><strong>En podcast audio :<\/strong><\/p>\n\n\n\n<ul class=\"wp-block-list\">\n<li><strong><a href=\"https:\/\/www.radiofrance.fr\/franceculture\/podcasts\/la-science-cqfd\" target=\"_blank\" rel=\"noopener\" title=\"La Science, CQFD\">La Science, CQFD<\/a><\/strong> &#8211; Une \u00e9mission quotidienne de France Culture d\u00e9di\u00e9e \u00e0 toutes les sciences.<\/li>\n\n\n\n<li><strong><a href=\"https:\/\/www.radiofrance.fr\/franceculture\/podcasts\/le-journal-des-sciences\" target=\"_blank\" rel=\"noopener\" title=\"Avec sciences\">Avec sciences<\/a><\/strong> &#8211; Une \u00e9mission quotidienne de France Culture d&#8217;un format tr\u00e8s court traitant de l&#8217;actualit\u00e9 scientifique.<\/li>\n\n\n\n<li><strong><a href=\"https:\/\/www.radiofrance.fr\/franceculture\/podcasts\/la-conversation-scientifique\" target=\"_blank\" rel=\"noopener\" title=\"La Conversation scientifique\">La Conversation scientifique<\/a><\/strong> &#8211; Une \u00e9mission hebdomadaire de France Culture proposant des \u00e9changes avec des chercheurs.<\/li>\n\n\n\n<li><strong><a href=\"https:\/\/www.ihp.fr\/fr\/podcast-loreille-mathematique\" target=\"_blank\" rel=\"noopener\" title=\"L'oreille math\u00e9matique\">L&#8217;oreille math\u00e9matique<\/a> <\/strong>&#8211; Podcast radio d\u00e9di\u00e9 aux math\u00e9matiques et \u00e0 la physique th\u00e9orique produit pour l&#8217;Institut Henri Poincar\u00e9 par H\u00e9l\u00e8ne Delye. Une conversation mensuelle avec un math\u00e9maticien ou une math\u00e9maticienne pour mettre en lumi\u00e8re le temp\u00e9rament et les id\u00e9es de celles et ceux qui font les math\u00e9matiques contemporaines.<\/li>\n<\/ul>\n\n\n\n<p><strong>Litt\u00e9rature :<\/strong><\/p>\n\n\n\n<ul class=\"wp-block-list\">\n<li><strong>Le grand roman des maths <\/strong>de Micka\u00ebl Launay. Vulgarisation grand public pour donner ou redonner go\u00fbt aux math\u00e9matiques.<\/li>\n\n\n\n<li><strong>Mathematica: Une aventure au coeur de nous-m\u00eames<\/strong><em> <\/em>de David Bessis. Comprendre l&#8217;importance des math\u00e9matiques et infirmer les id\u00e9es re\u00e7ues concernant la &#8220;bosse des maths&#8221;. Essai philosophique qui m\u00eale anecdotes historiques et vulgarisation scientifique.<\/li>\n\n\n\n<li><strong>Le dernier th\u00e9or\u00e8me de Fermat <\/strong>de Simon Singh. R\u00e9cit historique et vulgaris\u00e9 traitant de ce r\u00e9sultat qui fut un fil conducteur de la recherche en math\u00e9matiques durant plusieurs si\u00e8cles.<\/li>\n\n\n\n<li><strong>La Conjecture de Poincar\u00e9<\/strong> de George Szpiro. Sur le m\u00eame format que le pr\u00e9c\u00e9dent ouvrage, traite de l&#8217;histoire de Poincar\u00e9, sa conjecture c\u00e9l\u00e8bre ainsi que sa r\u00e9solution en 2003 par Grigori Perelman.<\/li>\n\n\n\n<li><strong>Un Math\u00e9maticien aux prises avec le si\u00e8cle<\/strong> de Laurent Schwartz. Autobiographie de ce math\u00e9maticien fran\u00e7ais qui a travers\u00e9 le XX\u00e8me si\u00e8cle \u00e0 travers ses engagements aussi bien scientifiques que politiques.<\/li>\n\n\n\n<li><strong>Logicomix <\/strong>de Apostolos Dioxiadis et Chritos Papadimitriou. Bande dessin\u00e9e traitant de la Crise des fondements qui a eu lieu \u00e0 partir de la fin du XIX\u00e8me si\u00e8cle. Id\u00e9al pour d\u00e9couvrir la logique et son importance dans les math\u00e9matiques contemporaines.<\/li>\n\n\n\n<li><strong>Matheuses. Les filles, avenir des math\u00e9matiques <\/strong>de Cl\u00e9mence Perronnet. Ce livre restitue une<strong> <\/strong>enqu\u00eate sociologique r\u00e9alis\u00e9e aupr\u00e8s de<strong> <\/strong>45 lyc\u00e9ennes de 16 ans. \u00c0 travers 10 chapitres qui apportent des r\u00e9ponses scientifiques \u00e0 des questions pr\u00e9cises, <em>Matheuses<\/em> d\u00e9cortique les in\u00e9galit\u00e9s devant les math\u00e9matiques et l&#8217;informatique pour mieux les combattre.<\/li>\n<\/ul>\n","protected":false},"excerpt":{"rendered":"<p>\u2190 Accueil Cette page liste quelques r\u00e9f\u00e9rences plus ou moins grand public autour des maths pour vous aider dans la pr\u00e9paration de votre Grand Oral ou bien simplement pour \u00e9toffer votre culture g\u00e9n\u00e9rale. Sites Web : En vid\u00e9o : En podcast audio : Litt\u00e9rature :<\/p>\n","protected":false},"author":1,"featured_media":0,"parent":0,"menu_order":0,"comment_status":"closed","ping_status":"closed","template":"","meta":{"_mi_skip_tracking":false,"site-sidebar-layout":"default","site-content-layout":"default","ast-global-header-display":"","ast-main-header-display":"","ast-hfb-above-header-display":"","ast-hfb-below-header-display":"","ast-hfb-mobile-header-display":"","site-post-title":"disabled","ast-breadcrumbs-content":"","ast-featured-img":"","footer-sml-layout":"","theme-transparent-header-meta":"","adv-header-id-meta":"","stick-header-meta":"","header-above-stick-meta":"","header-main-stick-meta":"","header-below-stick-meta":"","footnotes":""},"class_list":["post-912","page","type-page","status-publish","hentry"],"aioseo_notices":[],"_links":{"self":[{"href":"https:\/\/mathsjbrel.fr\/index.php?rest_route=\/wp\/v2\/pages\/912","targetHints":{"allow":["GET"]}}],"collection":[{"href":"https:\/\/mathsjbrel.fr\/index.php?rest_route=\/wp\/v2\/pages"}],"about":[{"href":"https:\/\/mathsjbrel.fr\/index.php?rest_route=\/wp\/v2\/types\/page"}],"author":[{"embeddable":true,"href":"https:\/\/mathsjbrel.fr\/index.php?rest_route=\/wp\/v2\/users\/1"}],"replies":[{"embeddable":true,"href":"https:\/\/mathsjbrel.fr\/index.php?rest_route=%2Fwp%2Fv2%2Fcomments&post=912"}],"version-history":[{"count":17,"href":"https:\/\/mathsjbrel.fr\/index.php?rest_route=\/wp\/v2\/pages\/912\/revisions"}],"predecessor-version":[{"id":978,"href":"https:\/\/mathsjbrel.fr\/index.php?rest_route=\/wp\/v2\/pages\/912\/revisions\/978"}],"wp:attachment":[{"href":"https:\/\/mathsjbrel.fr\/index.php?rest_route=%2Fwp%2Fv2%2Fmedia&parent=912"}],"curies":[{"name":"wp","href":"https:\/\/api.w.org\/{rel}","templated":true}]}}